{"id":236,"date":"2015-03-15T12:48:23","date_gmt":"2015-03-15T11:48:23","guid":{"rendered":"http:\/\/gws1930.de\/SVGWS\/?page_id=236"},"modified":"2025-11-10T15:39:24","modified_gmt":"2025-11-10T14:39:24","slug":"foerderverein-sv-gruen-weiss-schaufenberg-1930-e-v","status":"publish","type":"page","link":"http:\/\/gws1930.de\/SVGWS\/?page_id=236","title":{"rendered":"F\u00f6rderverein des SV Gr\u00fcn Weiss Schaufenberg 1930 e.V."},"content":{"rendered":"<p style=\"text-align: center;\">Wir freuen uns, dass Sie bei uns vorbei schauen und begr\u00fc\u00dfen Sie als langj\u00e4hrigen oder zuk\u00fcnftigen Unterst\u00fctzer<\/p>\n<p style=\"text-align: center;\">des SV Gr\u00fcn-Weiss Schaufenberg 1930 e.V.!<\/p>\n<p style=\"text-align: center;\">Der F\u00f6rderverein von Gr\u00fcn-Weiss Schaufenberg 1930 e.V. ist ein eingetragener Verein zur F\u00f6rderung des aktiven Sports beim SV Gr\u00fcn-Weiss Schaufenberg 1930 e.V.<\/p>\n<p style=\"text-align: center;\">Mitglied im F\u00f6rderverein kann jeder werden, der sich f\u00fcr Fussball bei Gr\u00fcn-Weiss Schaufenberg 1930 e.V. interessiert. Sofern Sie schon Mitglied sind, freuen wir uns \u00fcber Ihre aktive Unterst\u00fctzung &#8211; sofern Sie Mitglied werden wollen, freuen wir uns auf Ihren Eintritt! Der Mitgliedsbeitrag betr\u00e4gt 12,00 \u20ac\/Jahr.<\/p>\n<p style=\"text-align: center;\">Ansprechpartner f\u00fcr den F\u00f6rderverein sind:<\/p>\n<p style=\"text-align: center;\">Gesch\u00e4ftsf\u00fchrer Uwe Beils 0176\/82974051<\/p>\n<p style=\"text-align: center;\">Kassierer Thomas Nuth 0151\/40364119<\/p>\n<p>&nbsp;<\/p>\n","protected":false},"excerpt":{"rendered":"<p>Wir freuen uns, dass Sie bei uns vorbei schauen und begr\u00fc\u00dfen Sie als langj\u00e4hrigen oder zuk\u00fcnftigen Unterst\u00fctzer des SV Gr\u00fcn-Weiss Schaufenberg 1930 e.V.! Der F\u00f6rderverein von Gr\u00fcn-Weiss Schaufenberg 1930 e.V. ist ein eingetragener Verein zur F\u00f6rderung des aktiven Sports beim SV Gr\u00fcn-Weiss Schaufenberg 1930 e.V. Mitglied im F\u00f6rderverein kann jeder werden, der sich f\u00fcr Fussball &hellip; <a href=\"http:\/\/gws1930.de\/SVGWS\/?page_id=236\" class=\"more-link\"><span class=\"screen-reader-text\">F\u00f6rderverein des SV Gr\u00fcn Weiss Schaufenberg 1930 e.V.<\/span> weiterlesen <span class=\"meta-nav\">&rarr;<\/span><\/a><\/p>\n","protected":false},"author":3,"featured_media":0,"parent":0,"menu_order":0,"comment_status":"closed","ping_status":"closed","template":"","meta":{"ngg_post_thumbnail":0,"footnotes":""},"class_list":["post-236","page","type-page","status-publish","hentry"],"_links":{"self":[{"href":"http:\/\/gws1930.de\/SVGWS\/index.php?rest_route=\/wp\/v2\/pages\/236","targetHints":{"allow":["GET"]}}],"collection":[{"href":"http:\/\/gws1930.de\/SVGWS\/index.php?rest_route=\/wp\/v2\/pages"}],"about":[{"href":"http:\/\/gws1930.de\/SVGWS\/index.php?rest_route=\/wp\/v2\/types\/page"}],"author":[{"embeddable":true,"href":"http:\/\/gws1930.de\/SVGWS\/index.php?rest_route=\/wp\/v2\/users\/3"}],"replies":[{"embeddable":true,"href":"http:\/\/gws1930.de\/SVGWS\/index.php?rest_route=%2Fwp%2Fv2%2Fcomments&post=236"}],"version-history":[{"count":9,"href":"http:\/\/gws1930.de\/SVGWS\/index.php?rest_route=\/wp\/v2\/pages\/236\/revisions"}],"predecessor-version":[{"id":2379,"href":"http:\/\/gws1930.de\/SVGWS\/index.php?rest_route=\/wp\/v2\/pages\/236\/revisions\/2379"}],"wp:attachment":[{"href":"http:\/\/gws1930.de\/SVGWS\/index.php?rest_route=%2Fwp%2Fv2%2Fmedia&parent=236"}],"curies":[{"name":"wp","href":"https:\/\/api.w.org\/{rel}","templated":true}]}}